 5*t**2 + 4*t + 3. Let b(u) = -u**3 + u**2 + 4. Let f = -10 + 10. Let o be b(f). Calculate z(o).
3
Let n(b) = -5*b - 3. Let j = 5 + 2. Let u(w) = -3*w - 2. Let l(f) = j*u(f) - 4*n(f). Calculate l(-4).
2
Let s(n) be the first derivative of -n**3/3 + 2*n**2 + 10*n - 50. What is s(7)?
-11
Let b(s) = 3*s**2 - 9*s + 9. Let o be b(2). Let q(f) = 2*f + 2 + f**2 - 4*f - f. Determine q(o).
2
Let f(u) = -u**2 + u + 11. Suppose 47 = -5*b - 23. Let t = 14 + b. Determine f(t).
11
Let r(o) = o**3 - 2*o**2 - 4. Let c = 1 + 1. Let s = 5 - c. Give r(s).
5
Let w = 1 - -4. Let h(c) = -4*c**2 - 3*c**2 + c - 7 - 2*c**3 + w*c**2. Let o(z) = z**3 + z**2 - z + 4. Let i(v) = 3*h(v) + 5*o(v). Give i(-1).
1
Let o be ((-2)/6)/(2/(-12)). Let d(j) = j**2 + 6*j - 2. Let g be d(-7). Let r(k) = -2 - k - g*k**2 + 5*k**2 + 2*k**2. Give r(o).
4
Let k(y) = -2*y**3 + 8*y**2 - y + 1. Let v be k(4). Let u(b) = b + 6. What is u(v)?
3
Suppose 0 + 9 = -5*r + 2*t, 5*t + 21 = -2*r. Suppose 3*d - 8 - 7 = 0. Let f(s) = 3*s**2 - 2*s**2 + 1 + 0*s**2 + s - d. Give f(r).
2
Let c(z) = -z**2 + 9*z - 1. Let d be ((-4)/(-5))/((16/(-30))/(-4)). What is c(d)?
17
Let u(j) = -j**3 + 3*j**2 + 5*j + 3. Suppose -4*q - 20 = -8*q. Determine u(q).
-22
Suppose 5*n - 16 = 2*u, n = -3*n + 3*u + 17. Let y(w) = w**3 - 2*w + 0*w**3 + 10*w**2 - 6*w**n + w. Give y(-2).
10
Let t(w) be the third derivative of -w**6/60 + w**5/60 - w**4/24 + w**3/6 - 3*w**2. What is t(1)?
-1
Suppose 0*k - 3*k - w = -16, -4*k + 2*w + 8 = 0. Suppose 4 = 2*l - k. Let h be l/(-3)*(-6)/(-4). Let s(i) = -i**2 - 2*i + 1. Give s(h).
1
Let g(q) be the first derivative of -q**3/3 - 5*q**2/2 + 2*q - 24. Calculate g(-7).
-12
Let y(l) be the first derivative of -l**4/2 - l**2/2 - 2. Let v(z) = -z + 4. Let j be v(5). Determine y(j).
3
Let o(z) be the second derivative of -z**3/3 + z**2 - 2*z. Let c be (0 + 3 + -3)/(-2). Suppose -l + 4 - 1 = c. Give o(l).
-4
Suppose 0 = -2*s + 3*s + 4*c + 5, -15 = 3*s - 4*c. Let v(i) = 6*i**2 - 8*i - 5. Let b(w) = w**2 - w - 1. Let y(f) = s*b(f) + v(f). What is y(3)?
0
Let j(z) = z. Let m be (-2 + 2)/(-2) + -1. Let a(d) = -5*d. Let l be a(m). What is j(l)?
5
Let g = -42 + 42. Let k(f) = f**3 - f - 1. Calculate k(g).
-1
Let n(m) = m**3 - 5*m**2 + 2*m - 1. Let y(r) = r**2 - 21*r - 17. Let o be y(22). Determine n(o).
9
Let m(x) = -11*x**3 + 14*x**2 + 4*x - 14. Let f(y) = 4*y**3 - 5*y**2 - y + 5. Let r(b) = 8*f(b) + 3*m(b). Calculate r(3).
1
Let t(h) = -h**2 + 5*h - 1. Let n be t(4). Let v be (2 - n) + -2 + 1. Let y(b) = 2*b**2 + 3*b + 3. Determine y(v).
5
Let m be -2*1/6*-3. Suppose s + 6 = m. Let u(r) be the third derivative of -r**6/120 - r**5/12 - r**4/24 + 5*r**3/6 + 4*r**2 - r. What is u(s)?
10
Let f(j) = j + 3. Suppose v = 3*v - 8. Suppose v*y = 2*d - 5*d + 12, 4*y = 5*d + 12. Determine f(y).
6
Suppose i - 1 = -0. Suppose 12 = 2*c - 2*r, 2*c + 3*c = -3*r - 2. Let p be (((-2)/i)/c)/(-1). Let z(l) = -11*l**3 + l. What is z(p)?
-10
Suppose -3*b + 0*f + f + 16 = 0, -2 = -b + 2*f. Let x(j) = j**3 - 7*j**2 + 6*j + 2. Calculate x(b).
2
Let n(z) = 7*z - 16. Let l(p) = -4*p + 8. Let c(i) = -5*l(i) - 3*n(i). Calculate c(9).
-1
Let r(m) = -m**3 + 2*m**2 + 3*m + 4. Let a = 71 + -67. Calculate r(a).
-16
Let a(l) = -l + 0*l**2 + 3 - 4*l + l**2. Let n = -4 + 6. Suppose -10 = -2*s - 4*h, -n*s + 5 = -4*h + 3. What is a(s)?
-3
Let c = 9 + -7. Let i(u) = u - c - 1 + 2. Give i(0).
-1
Let h(a) = a - 5. Let t be (8/(-5))/((-3)/15). Let j = t + -4. Calculate h(j).
-1
Let u(p) = -10 + 9 - 2*p**2 + p**2. Give u(4).
-17
Suppose 0 = 5*b + 25, 0 = 5*t - 5*b + 7*b - 10. Let p(q) be the second derivative of q + 0*q**2 - 1/6*q**3 - 1/6*q**t + 0. What is p(-2)?
-6
Let g = -3 - -2. Let n(t) = 4 - 5 - 4*t**3 - 2*t + 0*t**2 - t**2. Let b be n(g). Let w(h) = h**3 - 3*h**2 - 5*h + 1. Give w(b).
-3
Let n(p) = -2*p + 5. Let i = -7 + 11. Let h be n(i). Let u(o) = o + 9. Let a(t) = t + 10. Let d(k) = -5*a(k) + 6*u(k). Determine d(h).
1
Let n(t) = -t + 4. Let z be n(2). Suppose b - 5 = -0*s + 4*s, -2*b + 2*s - z = 0. Let c(w) = w**3 + 3*w**2 + 3*w + 4. Determine c(b).
-5
Suppose -m = -3*t + 7, 0 = 3*m + t - 6*t + 9. Let w(x) = 0*x**2 + 0*x**2 - 5*x - 5*x**m - 3 - x**3 + 1. Determine w(-4).
2
Suppose 0 = -4*c + 40. Let v = -6 + c. Let o(f) = -f**3 + 0*f**3 + 2*f + 5*f**2 - 7*f - 2. Determine o(v).
-6
Let i(l) = 15*l**2 - 4 + 3 - 17*l**2 + l. Give i(-2).
-11
Let g(w) = -w**2 - w + 0*w - w - 2*w + 2. Let n(u) = 2*u - 7. Let p be n(6). Suppose 0*s - 32 = p*j + 4*s, -s + 1 = -j. Give g(j).
2
Let k(d) = -9*d**2 + 4*d + 14*d**2 + 9 + 2*d - 6*d**2. Give k(7).
2
Let f(k) = 3*k + k**3 - k**2 - 2 + k**2 - 2*k**2. Let w = -5 - -7. Suppose 3 = w*y - 1. Give f(y).
4
Let u be (-4)/(-6) - (-9)/27. Let t be 6 - (1 - (u - 1)). Let s(y) = y**2 - 4*y - 6. Determine s(t).
-1
Let u(p) = p**2 + 3*p + 2. Let f(y) = -4*y**3 + 2*y**2 - y. Let r be f(1). What is u(r)?
2
Let r(y) = -2*y + 10. Suppose 21 = -4*n + 7*n. What is r(n)?
-4
Let s(h) = 16*h + 11. Let q(b) = 8*b + 5. Let k(a) = -13*q(a) + 6*s(a). Determine k(-1).
9
Let q(n) be the third derivative of -n**5/4 - n**3/6 - 4*n**2. Give q(-1).
-16
Suppose -2*y - 1 = 3. Let v(n) = -n**2 - 5*n - 4. Let h(i) = 4*i**2 + 15*i + 13. Let l(x) = y*h(x) - 7*v(x). Give l(5).
2
Let v(k) = -k + 3. Let o be v(1). Let b(n) = 2*n**2 - 2*n. What is b(o)?
4
Let g(m) be the second derivative of m**5/20 - m**4/6 - m**3 + m**2 - 4*m. Suppose 5*f + 12 = 8*f. What is g(f)?
10
Let t be 54/21 + 12/28. Let f(i) = 1 - 6*i**2 + i**t + 3 + i + 1. What is f(6)?
11
Let n(c) = -348*c + 171*c + c**2 + 9*c**3 - 1 + 176*c. Suppose -2*q + 2*t = 4, 2*t = q + 3*q. Suppose 4*x + 3 = y, q*x + 0*x + 3*y = -5. Determine n(x).
-8
Suppose 0 = 2*o - 0*r - 5*r - 3, 3*o + 2*r = -24. Let s(v) = -v**2 - 5*v - 4. Give s(o).
-10
Let j be 9*(-3)/27*-3. Let n(b) = -2 + 3*b + 0*b**3 - 5*b**2 - b**3 + b**2 + j*b**2. Determine n(2).
-8
Let y(j) be the second derivative of j**6/120 - 7*j**5/60 + j**4/4 - 2*j**3/3 + j**2 - j. Let q(b) be the first derivative of y(b). Determine q(6).
-4
Let k(x) = x**2 + x - 4. Let y be (-9)/(-6) - 215/(-10). Let i = y - 26. Give k(i).
2
Let b(d) = d**3 - 6*d**2 + d. Let a(q) = 2*q**2 + q**2 - q**2 - 4*q + 1 - q**2. Let z be a(5). What is b(z)?
6
Let y(r) = -r**2 + 6*r - 4. Suppose 3*g = 8*g - 15. Suppose 6 = -g*b, 2*m - 2*b - 8 = -4*b. Give y(m).
-4
Let d be 3/6*12 - 3. Let t be (d/9)/(4/48). Let c(u) = -u + 3. Calculate c(t).
-1
Let m(w) be the first derivative of 5 - 1/2*w**2 - 2*w. What is m(-4)?
2
Let m(a) be the second derivative of a**8/6720 + a**7/2520 - a**6/360 + a**5/120 - 2*a**4/3 - 6*a. Let q(l) be the third derivative of m(l). Determine q(2).
9
Let r(t) be the first derivative of 2*t**2 + t + 14. Calculate r(-1).
-3
Let r(v) = -v**2 + 4*v + 6. Let h(k) = k**3 + 12*k**2 + 11*k + 6. Let o be h(-11). Give r(o).
-6
Let m(v) = -2*v**3 - 4*v**2 - 3*v - 1. Suppose 16 = -3*g - g, 0 = -2*l - 4*g - 4. Let o be l/(-4) - (-10)/(-20). Give m(o).
5
Let g(h) = -h**2 + 4*h - 1. Suppose 3 + 6 = 3*w. What is g(w)?
2
Let b(l) be the second derivative of l**3/6 + l**2/2 - l. Let r be (-15)/((-150)/(-4))*-10. Give b(r).
5
Let s(m) = -2*m + 1. Suppose 8 = 10*p - 22. Determine s(p).
-5
Let y(b) = -b + 4. Let p(q) = q - 1. Let m(z) = 6*p(z) + y(z). Let r(i) = -i**3 + 4*i**2 + 5*i + 2. Let f be r(5). Give m(f).
8
Let g(h) = h**2. Let c(f) = 7 - f**2 + 4*f + 2*f - 3. Let l(i) = i + 8. Let x be l(-7). Let t(q) = x*c(q) + 2*g(q). Calculate t(-4).
-4
Let i(o) = o**2 - 5*o + 6. Let l = -3 + 11. Suppose k + 3 = l. Calculate i(k).
6
Let m(z) = 2*z - 5. Let l(u) = -4*u + 10. Let c(x) = 2*l(x) + 5*m(x). Give c(7).
9
Let y(v) = -v**3 - 2*v**2 + 3*v - 1. Let n = 12 - 18. Let a(i) = -i**3 - 7*i**2 - 8*i - 4. Let b be a(n). Let p be ((-3)/(-4))/((-2)/b). Give y(p).
-1
Let j(s) = -s**2 + s + 3. Let d(p) = p**2 + 3*p - 1. Let u be d(-3). Let z be (-2)/(-8) + u/4. What is j(z)?
3
Let w(y) = 6*y**2 + 4*y - 4. Let i(a) = 5*a**2 + 4*a - 3. Let k(m) = -4*i(m) + 3*w(m). Give k(-3).
-6
Let i(z) = z + 1. Let m be i(2). Let r(u) = -1 - m*u - 2*u**2 - 2 + 2*u**2 + u**2. Give r(4).
1
Let v(y) = -12*y - 1. Let j = -28 + 27. What is v(j)?
11
Suppose 0 = -s - 4, 2*l - s + 6*s = -34. Let t = -21 + 11. Let p = l - t. Let j(v) = -v**2 + 3. Calculate j(p).
-6
Let a(y) = -y**2 + y + 1. Let u(